 575. List the prime factors of c.
5, 23
Let j = -1 - 36. What are the prime factors of (44/(-10) + 0)/(j/1110)?
2, 3, 11
Let b be 6/21 + (-182)/(-49). Suppose b*r - 2*r = 4. Suppose -159 + 41 = -r*l. What are the prime factors of l?
59
Let r = 29 + -25. What are the prime factors of 3*(43 + -3)*r/30?
2
Suppose w + 4*f = 5*w + 8, 2*w - f + 9 = 0. Let d(s) = 2*s**2 + 9*s - 8. What are the prime factors of d(w)?
3
Suppose 28*s - 3245 = 23*s. List the prime factors of s.
11, 59
Let k be (2/(-4))/(7/((-196)/2)). Let s(a) = a**2 + 2*a - 24. What are the prime factors of s(k)?
3, 13
Suppose -4*w = 2*k - 10, -3*k - 25 = -4*w - 8*k. Suppose -130 = -5*f + 4*g + 212, w = -4*g - 12. What are the prime factors of f?
2, 3, 11
Suppose -3*l + 95 = 2*y, 2*y - 138 = -4*l - 48. List the prime factors of y.
5, 11
List the prime factors of 2/(-5) + (-17793)/(-45).
5, 79
Let l be 3/(-6)*-4*1. Suppose -v - 6 = -1. What are the prime factors of v*(l + -9) - 2?
3, 11
Let i(b) = b**3 + 2*b**2 - b + 246. Let g be i(0). Suppose -g = -10*a + 4*a. What are the prime factors of a?
41
Suppose i = 2*i - 275. Let o be i/20 + (-2)/(-8). Suppose 0 = s - o - 19. List the prime factors of s.
3, 11
Let k(o) be the second derivative of 2*o**3 - 5*o**2 - 6*o. List the prime factors of k(4).
2, 19
Let u(i) = -6*i + 4. Let p be u(2). Let h(q) be the first derivative of -q**2 - 9*q - 2. List the prime factors of h(p).
7
Let w(g) = g - 5. Let b be w(19). Let f(p) = p**2 - p + 19. List the prime factors of f(b).
3, 67
Let s be 318/(-8) - (-4)/(-16). Let x be 12/10*s/(-16). Suppose x = -z + 8. What are the prime factors of z?
5
Suppose 20*v + 180 = 10*v. What are the prime factors of (-875)/(-9) - (-4)/v?
97
Let d(v) = 3*v + 24. Let r be d(-8). Suppose 5*u + 4*a - 394 = r, -229 = -3*u - 0*u + 5*a. What are the prime factors of u?
2, 3, 13
Let p = 108 + -22. Suppose -p = 19*u - 21*u. What are the prime factors of u?
43
Suppose 202*v - 2996 = 188*v. List the prime factors of v.
2, 107
Let s be 3*(1 + 14/(-6)). List the prime factors of (-358)/(-9) - s/18.
2, 5
Let x(t) = -131*t - 13. List the prime factors of x(-9).
2, 11, 53
Let v be (2 - 2) + -1 + 2. List the prime factors of ((-78)/(-2))/v - -4.
43
Suppose -10*j + 14*j - 12 = 0. List the prime factors of ((j - 4) + 351)/2.
5, 7
Let f = -5921 - -10612. What are the prime factors of f?
4691
Let a = 1 + 1. Suppose c - 6 = -a*c. What are the prime factors of (-4)/(c - (-96)/(-44))?
2, 11
List the prime factors of (-23255)/(-30) - (-1)/(-6).
5, 31
Let g = 8 + -5. Suppose -u = -7 + g. Let x(c) = 2*c**2 - 3*c + 5. What are the prime factors of x(u)?
5
Let c = -200 - -776. List the prime factors of c.
2, 3
Let b(n) = 2*n**2 + 8*n - 13. Suppose 2*t + 3*x = 1, -5*x = 3*t - 4*t - 32. What are the prime factors of b(t)?
29
Let r(k) be the second derivative of k**5/20 + k**4/4 - k**3/3 + 2*k**2 - 7*k. Let m(d) = 2*d + 1. Let p be m(-2). List the prime factors of r(p).
2, 5
Let i be -4 + 6 + 15 + 2. Let b(j) = 8*j - 4. List the prime factors of b(i).
2, 37
Let h be 2*-7*120/28. Let o = -10 - h. What are the prime factors of o?
2, 5
Let s(q) = -q + 13. Let i be s(6). Suppose -i*z + 300 = -316. What are the prime factors of z?
2, 11
Let l = -501 + 551. What are the prime factors of l?
2, 5
Let a(b) = -b**2 - 10*b + 5. Let r be 18/(-12)*(-8)/6. Let i = r - 11. List the prime factors of a(i).
2, 7
Let r(l) = l**2 - 11*l + 25. Let b be r(19). List the prime factors of -1 + (-3 - (3 - b)).
2, 5, 17
Let l = -14 + 8. Let i = 6 + l. Suppose i = -h + 2, 2*m - 116 = -m - 4*h. What are the prime factors of m?
2, 3
Let n be 11*(4 - 7 - -6). Suppose 5*v + n = -17. List the prime factors of 31/(4 + 35/v).
2, 31
Let a(h) = 40*h**3 - 22*h**2 - 11*h + 14. Let f(b) = 13*b**3 - 7*b**2 - 4*b + 5. Let x(k) = -2*a(k) + 7*f(k). List the prime factors of x(3).
241
Suppose 19*i = 13554 - 2496. What are the prime factors of i?
2, 3, 97
Let q(a) = 5*a - 1. Let w(k) = k. Let z(j) = -4*q(j) + 22*w(j). Let i be z(-6). What are the prime factors of 1/(-4) + (-362)/i?
3, 5
What are the prime factors of (7/(21/(-38)))/((-22)/561)?
17, 19
Suppose -4*p + 12 - 4 = 0. List the prime factors of 4 - -28 - (-8)/p.
2, 3
Suppose -4*t = 2*v - 74, 3*t = 3*v - 0*v + 78. Suppose -r + t + 24 = 0. List the prime factors of r.
3, 5
Suppose -3*v - 29 + 5 = 0. Let x(d) = -d**3 - 7*d**2 + 2*d + 3. List the prime factors of x(v).
3, 17
Let d(v) = 2*v**2 + 2*v - 4. Let k be d(-3). Let x be 0/((3 - k) + 2). Suppose x = -3*o - 15 + 96. What are the prime factors of o?
3
Let c(a) = a + 12. Let g(r) = r - 1. Let n(y) = c(y) + 3*g(y). What are the prime factors of n(3)?
3, 7
Let f(p) = -p**3 - 11*p**2 + 17*p - 17. List the prime factors of f(-13).
2, 5
Let x(g) = -g**3 + 4*g**2 - 4*g - 1. Let w be x(3). Let l(t) = -24*t - 13. What are the prime factors of l(w)?
83
Let c(p) = -1 - p**2 + 800*p - p**3 - 800*p. What are the prime factors of c(-2)?
3
Let s(u) = 3*u - 8*u - 4*u - 6. What are the prime factors of s(-5)?
3, 13
Let r = -227 - -282. What are the prime factors of r?
5, 11
Let x = 372 - 164. List the prime factors of x.
2, 13
Let w(a) = -a**3 + 14*a**2 + 12*a + 10. Let k = 82 - 68. List the prime factors of w(k).
2, 89
Suppose 4*q - 3*z = 2*q + 1, 5*q - 5*z = 10. Let k be -1*q - 6/(-6). Let d(v) = v**3 + 5*v**2 + 3*v + 6. List the prime factors of d(k).
2, 5
Suppose 0 = 4*v + 5*i + 12, -3*v = 2*v - 3*i + 15. List the prime factors of (v/(-9))/((-1)/(-225)).
3, 5
Let p(n) = -79*n**3 + 7*n + 1. List the prime factors of p(-3).
2113
Suppose 3*c + 28 = -5. Let v = 19 + c. List the prime factors of v.
2
Let r(c) = 13*c**3 - 7*c**2 + 8*c - 10. Let n be r(4). Let x = n - 453. What are the prime factors of x?
17
Let o be ((-30)/7*-1)/(11/1155). Let t = -308 + o. What are the prime factors of t?
2, 71
Suppose -5*d + 145 = -5*y, -5*y = -4*d + d + 95. Let g(c) = c**3 - 24*c**2 - 22*c + 26. What are the prime factors of g(d)?
101
Suppose -7177 = 133*u - 135*u - q, 17941 = 5*u + 4*q. What are the prime factors of u?
37, 97
Let w(g) = g**3 + 2*g**2 - g - 2. Let c be w(1). Suppose 19*a - 5*a - 1148 = c. List the prime factors of a.
2, 41
Let t = 92 - 44. Let b(r) = r**2 + 5*r - 4. Let n be b(-8). Suppose 4*d - t = n. What are the prime factors of d?
17
Let b(r) = r**2 - r + 1. Let t(n) = n**3 - 2*n**2 - 5*n + 9. Let v(a) = 6*b(a) - t(a). What are the prime factors of v(6)?
3, 7
Let t(f) = 67*f - 36. List the prime factors of t(18).
2, 3, 5, 13
Let v = -166 - -656. List the prime factors of v.
2, 5, 7
Let g = 169 + -83. Suppose -4*v + 4*c + 164 = 0, -2*c = -3*v + 33 + g. What are the prime factors of v?
37
Let q be 1 + 1 + 5 + 0 + -3. Suppose 2*v + v - 708 = -q*s, -5*v = 0. What are the prime factors of s?
3, 59
Let w(z) = -44*z**3 + 12*z**2 + 6*z - 13. What are the prime factors of w(-5)?
3, 19, 101
Let i(l) = -8*l + 103. List the prime factors of i(4).
71
Let l(s) = 4*s - 3. Suppose o - 3 = 5*a, -3*o + 4*a + 12 + 19 = 0. Suppose 2*i + o = 25. What are the prime factors of l(i)?
3, 7
Let k(f) = f**2 - f - 2 - 9*f - 2. Let q(t) = -t**2 - 19*t - 73. Let c be q(-7). What are the prime factors of k(c)?
7
Suppose 4*g - 28 = 4*h, -5*g + h = -13 - 10. Let j(n) = 5*n - 11. List the prime factors of j(g).
3
Let k = 1285 - 732. List the prime factors of k.
7, 79
Let m(y) = -7*y - 3. Let o be m(-2). Suppose -o = 5*j + 4, 4*q - 34 = -2*j. List the prime factors of q.
2, 5
Suppose -l = -4 - 1, -2*u + 3*l - 75 = 0. Let i = 14 + u. Let v = i + 47. List the prime factors of v.
31
Suppose 8895 = 9*d - 6*d + 3*n, 2*d + 4*n - 5940 = 0. List the prime factors of d.
2, 5, 37
Suppose 0 = 3*h + 3*l - 12, -4*l = -4 + 24. Suppose 5*q - 2*m = 4*q - h, -2*q - 6 = 2*m. Let r(t) = -7*t - 8. List the prime factors of r(q).
3
Let f be 288 + 16/(-4)*1. Suppose f = 4*i + 68. List the prime factors of i.
2, 3
Let f be 2/(-9) - (-112)/18. Suppose -10 = -3*t + 8*t, 0 = 2*w + 4*t. Suppose -f*c = -w*c - 32. What are the prime factors of c?
2
Let x be (2 + 2/(-3))*(-51)/34. Let f(o) = 6*o**2 + 3*o + 6. List the prime factors of f(x).
2, 3
Let n(p) = -p**3 + 5*p**2 + 5*p + 4. Let h be n(6). Let b be h/5*-1*25. What are the prime factors of ((-8)/b)/((-2)/85)?
2, 17
Let v(b) = -28*b - 44. List the prime factors of v(-7).
2, 19
Let a(d) = 3*d**2 - 4*d + 5